{"id":658,"date":"2024-01-28T23:38:11","date_gmt":"2024-01-28T20:38:11","guid":{"rendered":"https:\/\/sahibindencivciv.com\/?page_id=658"},"modified":"2024-03-14T17:20:17","modified_gmt":"2024-03-14T14:20:17","slug":"videolarimiz","status":"publish","type":"page","link":"https:\/\/sahibindencivciv.com\/index.php\/videolarimiz\/","title":{"rendered":"V\u0130DEOLARIMIZ"},"content":{"rendered":"\n<h2 class=\"wp-block-heading has-neve-link-color-background-color has-background\">Atak-s &amp; S\u00fcssex &amp; Lohman Kar\u0131\u015f\u0131k Tavuk K\u00fcmesimiz <\/h2>\n\n\n\n<figure class=\"wp-block-video\"><video height=\"864\" style=\"aspect-ratio: 480 \/ 864;\" width=\"480\" controls src=\"https:\/\/sahibindencivciv.com\/wp-content\/uploads\/2024\/02\/WhatsApp-Video-2024-01-30-saat-22.35.58_dacc60a1.mp4\"><\/video><\/figure>\n\n\n\n<h2 class=\"wp-block-heading has-neve-link-color-background-color has-background\">(Marek) ve (\u0130LT) a\u015f\u0131s\u0131 yap\u0131l\u0131rken<\/h2>\n\n\n\n<figure class=\"wp-block-video\"><video height=\"352\" style=\"aspect-ratio: 640 \/ 352;\" width=\"640\" controls src=\"https:\/\/sahibindencivciv.com\/wp-content\/uploads\/2024\/01\/IMG_2735.mp4\"><\/video><\/figure>\n\n\n\n<h2 class=\"wp-block-heading has-neve-link-color-background-color has-background\">Di\u015fi erkek ayr\u0131m\u0131 yap\u0131l\u0131rken<\/h2>\n\n\n\n<figure class=\"wp-block-video\"><video height=\"848\" style=\"aspect-ratio: 480 \/ 848;\" width=\"480\" controls src=\"https:\/\/sahibindencivciv.com\/wp-content\/uploads\/2024\/01\/WhatsApp-Video-2024-01-29-saat-15.26.59_a8c9b55f.mp4\"><\/video><\/figure>\n\n\n\n<h2 class=\"wp-block-heading has-neve-link-color-background-color has-background\">Atak-s &amp; Lohman Kar\u0131\u015f\u0131k Tavuk K\u00fcmesimiz<\/h2>\n\n\n\n<figure class=\"wp-block-video\"><video height=\"848\" style=\"aspect-ratio: 848 \/ 848;\" width=\"848\" controls src=\"https:\/\/sahibindencivciv.com\/wp-content\/uploads\/2024\/02\/WhatsApp-Video-2024-01-31-saat-19.24.37_fa1797fe.mp4\"><\/video><\/figure>\n\n\n\n<h2 class=\"wp-block-heading has-neve-link-color-background-color has-background\">Mehmet Emin tavuk\u00e7uluk 15 g\u00fcnl\u00fckken yap\u0131lan ense a\u015f\u0131s\u0131 yap\u0131lmaktad\u0131r.<\/h2>\n\n\n\n<figure class=\"wp-block-video\"><video height=\"864\" style=\"aspect-ratio: 480 \/ 864;\" width=\"480\" controls src=\"https:\/\/sahibindencivciv.com\/wp-content\/uploads\/2024\/01\/WhatsApp-Video-2024-01-29-saat-15.25.44_c3da0db4.mp4\"><\/video><\/figure>\n\n\n\n<h2 class=\"wp-block-heading has-neve-link-color-background-color has-background\">Atak-s &amp; \u0130sa Tinted Kar\u0131\u015f\u0131k Tavuk K\u00fcmesimiz<\/h2>\n\n\n\n<figure class=\"wp-block-video\"><video height=\"864\" style=\"aspect-ratio: 480 \/ 864;\" width=\"480\" controls src=\"https:\/\/sahibindencivciv.com\/wp-content\/uploads\/2024\/02\/WhatsApp-Video-2024-01-30-saat-22.33.26_7b446561.mp4\"><\/video><\/figure>\n\n\n\n<h2 class=\"wp-block-heading has-neve-link-color-background-color has-background\">(Marek) ve (\u0130LT) a\u015f\u0131s\u0131 yap\u0131l\u0131rken<\/h2>\n\n\n\n<figure class=\"wp-block-video\"><video height=\"848\" style=\"aspect-ratio: 480 \/ 848;\" width=\"480\" controls src=\"https:\/\/sahibindencivciv.com\/wp-content\/uploads\/2024\/01\/WhatsApp-Video-2024-01-29-saat-15.27.18_94204ba8.mp4\"><\/video><\/figure>\n\n\n\n<h2 class=\"wp-block-heading has-neve-link-color-background-color has-background\">Gumboro+Newcastle (yalanc\u0131 veba) 9.g\u00fcn inaktif a\u015f\u0131 15 g\u00fcnl\u00fck&nbsp;ense&nbsp;a\u015f\u0131s\u0131 yap\u0131l\u0131rken <\/h2>\n\n\n\n<figure class=\"wp-block-video\"><video height=\"864\" style=\"aspect-ratio: 480 \/ 864;\" width=\"480\" controls src=\"https:\/\/sahibindencivciv.com\/wp-content\/uploads\/2024\/01\/WhatsApp-Video-2024-01-29-saat-15.25.23_e30cd208.mp4\"><\/video><\/figure>\n\n\n\n<h2 class=\"wp-block-heading has-neve-link-color-background-color has-background\">\u0130sa Tinted civcivinin kanattan di\u015fi erkek&nbsp;ayr\u0131m\u0131:<\/h2>\n\n\n\n<figure class=\"wp-block-video\"><video height=\"848\" style=\"aspect-ratio: 480 \/ 848;\" width=\"480\" controls src=\"https:\/\/sahibindencivciv.com\/wp-content\/uploads\/2024\/01\/WhatsApp-Video-2024-01-29-saat-15.26.33_85555321.mp4\"><\/video><\/figure>\n\n\n\n<h2 class=\"wp-block-heading has-text-align-center has-background has-medium-font-size\" style=\"background-color:#18f123;font-style:normal;font-weight:700\">0532 437 45 23<\/h2>\n\n\n\n<h2 class=\"wp-block-heading has-text-align-center has-background has-large-font-size\" style=\"background-color:#edf200;font-style:normal;font-weight:700\">Bir insana tamamen g\u00fcvendi\u011finiz zaman ya \u00f6m\u00fcrl\u00fck bir dost edinirsiniz ya da hayat\u0131n\u0131z\u0131n dersini al\u0131rs\u0131n\u0131z.<\/h2>\n","protected":false},"excerpt":{"rendered":"<p>Atak-s &amp; S\u00fcssex &amp; Lohman Kar\u0131\u015f\u0131k Tavuk K\u00fcmesimiz (Marek) ve (\u0130LT) a\u015f\u0131s\u0131 yap\u0131l\u0131rken Di\u015fi erkek ayr\u0131m\u0131 yap\u0131l\u0131rken Atak-s &amp; Lohman Kar\u0131\u015f\u0131k Tavuk K\u00fcmesimiz Mehmet Emin tavuk\u00e7uluk 15 g\u00fcnl\u00fckken yap\u0131lan ense a\u015f\u0131s\u0131 yap\u0131lmaktad\u0131r. Atak-s &amp; \u0130sa Tinted Kar\u0131\u015f\u0131k Tavuk K\u00fcmesimiz (Marek) ve (\u0130LT) a\u015f\u0131s\u0131 yap\u0131l\u0131rken Gumboro+Newcastle (yalanc\u0131 veba) 9.g\u00fcn inaktif a\u015f\u0131 15 g\u00fcnl\u00fck&nbsp;ense&nbsp;a\u015f\u0131s\u0131 yap\u0131l\u0131rken \u0130sa Tinted&hellip;&nbsp;<a href=\"https:\/\/sahibindencivciv.com\/index.php\/videolarimiz\/\" rel=\"bookmark\">Read More &raquo;<span class=\"screen-reader-text\">V\u0130DEOLARIMIZ<\/span><\/a><\/p>\n","protected":false},"author":1,"featured_media":0,"parent":0,"menu_order":0,"comment_status":"closed","ping_status":"closed","template":"","meta":{"neve_meta_sidebar":"","neve_meta_container":"","neve_meta_enable_content_width":"","neve_meta_content_width":0,"neve_meta_title_alignment":"","neve_meta_author_avatar":"","neve_post_elements_order":"","neve_meta_disable_header":"","neve_meta_disable_footer":"","neve_meta_disable_title":"","_themeisle_gutenberg_block_has_review":false,"footnotes":""},"class_list":["post-658","page","type-page","status-publish","hentry"],"_links":{"self":[{"href":"https:\/\/sahibindencivciv.com\/index.php\/wp-json\/wp\/v2\/pages\/658","targetHints":{"allow":["GET"]}}],"collection":[{"href":"https:\/\/sahibindencivciv.com\/index.php\/wp-json\/wp\/v2\/pages"}],"about":[{"href":"https:\/\/sahibindencivciv.com\/index.php\/wp-json\/wp\/v2\/types\/page"}],"author":[{"embeddable":true,"href":"https:\/\/sahibindencivciv.com\/index.php\/wp-json\/wp\/v2\/users\/1"}],"replies":[{"embeddable":true,"href":"https:\/\/sahibindencivciv.com\/index.php\/wp-json\/wp\/v2\/comments?post=658"}],"version-history":[{"count":12,"href":"https:\/\/sahibindencivciv.com\/index.php\/wp-json\/wp\/v2\/pages\/658\/revisions"}],"predecessor-version":[{"id":737,"href":"https:\/\/sahibindencivciv.com\/index.php\/wp-json\/wp\/v2\/pages\/658\/revisions\/737"}],"wp:attachment":[{"href":"https:\/\/sahibindencivciv.com\/index.php\/wp-json\/wp\/v2\/media?parent=658"}],"curies":[{"name":"wp","href":"https:\/\/api.w.org\/{rel}","templated":true}]}}